48
What is the remainder when 99128 is divided by 107?
46
What is the remainder when 488716 is divided by 488584?
132
What is the remainder when 1647664 is divided by 549062?
478
Calculate the remainder when 166254 is divided by 875.
4
Calculate the remainder when 488931 is divided by 1663.
9
Calculate the remainder when 1324434 is divided by 331095.
54
Calculate the remainder when 4901006 is divided by 2450498.
10
Calculate the remainder when 4069734 is divided by 1872.
6
What is the remainder when 1223335 is divided by 211?
168
Calculate the remainder when 494520 is divided by 247255.
10
Calculate the remainder when 427984752 is divided by 5.
2
Calculate the remainder when 45861848 is divided by 38.
28
What is the remainder when 2667040 is divided by 1463?
1454
What is the remainder when 434292 is divided by 1?
0
Calculate the remainder when 62032493 is divided by 1000524.
5
What is the remainder when 92545 is divided by 15356?
409
Calculate the remainder when 214818 is divided by 362.
152
What is the remainder when 9769872 is divided by 31?
5
What is the remainder when 1911615 is divided by 544?
543
Calculate the remainder when 1485398 is divided by 7901.
10
Calculate the remainder when 22982 is divided by 16.
6
Calculate the remainder when 4690604 is divided by 18.
2
What is the remainder when 1360724 is divided by 3899?
3872
What is the remainder when 157003 is divided by 982?
865
Calculate the remainder when 18257 is divided by 8981.
295
What is the remainder when 29123826 is divided by 542?
540
Calculate the remainder when 215021 is divided by 1296.
1181
What is the remainder when 6906896 is divided by 268?
0
Calculate the remainder when 36244 is divided by 14.
12
What is the remainder when 1777748 is divided by 45583?
11
Calculate the remainder when 1746370 is divided by 1485.
10
Calculate the remainder when 570701 is divided by 27176.
5
What is the remainder when 2814663 is divided by 14898?
13839
What is the remainder when 7677205 is divided by 843?
4
Calculate the remainder when 244962335 is divided by 236.
235
What is the remainder when 572161 is divided by 64?
1
What is the remainder when 11627533 is divided by 39?
34
Calculate the remainder when 13405785 is divided by 608.
601
Calculate the remainder when 92851 is divided by 2920.
2331
What is the remainder when 6220333 is divided by 1309?
1274
Calculate the remainder when 7973409 is divided by 29.
4
What is the remainder when 1224952 is divided by 348?
340
What is the remainder when 7298733 is divided by 159?
156
What is the remainder when 643048 is divided by 1522?
764
Calculate the remainder when 37444 is divided by 1218.
904
What is the remainder when 18386922 is divided by 1414377?
21
Calculate the remainder when 9390392 is divided by 29.
18
What is the remainder when 38226305 is divided by 43?
36
Calculate the remainder when 3385431 is divided by 3821.
25
What is the remainder when 209387 is divided by 209052?
335
What is the remainder when 699984 is divided by 5263?
5
What is the remainder when 76426575 is divided by 343?
1
What is the remainder when 1675062 is divided by 1609?
93
What is the remainder when 131420614 is divided by 1016?
1014
Calculate the remainder when 529233 is divided by 16.
1
Calculate the remainder when 72507 is divided by 11783.
1809
What is the remainder when 4895767 is divided by 28134?
451
Calculate the remainder when 26472269 is divided by 8824072.
53
What is the remainder when 109622083 is divided by 1044?
1039
Calculate the remainder when 236184 is divided by 21420.
564
What is the remainder when 199898 is divided by 16207?
5414
Calculate the remainder when 43351562 is divided by 52.
46
What is the remainder when 2900641 is divided by 2155?
11
What is the remainder when 988651 is divided by 2077?
2076
What is the remainder when 840086 is divided by 2958?
14
What is the remainder when 1179524 is divided by 778?
76
What is the remainder when 37954868 is divided by 27?
23
What is the remainder when 4510311 is divided by 1503432?
15
What is the remainder when 36931466 is divided by 18?
2
Calculate the remainder when 18921280 is divided by 2146.
2144
Calculate the remainder when 761405 is divided by 152258.
115
Calculate the remainder when 20759425 is divided by 10379703.
19
What is the remainder when 46392026 is divided by 139?
81
Calculate the remainder when 115693 is divided by 220.
193
What is the remainder when 377750 is divided by 46?
44
Calculate the remainder when 41126 is divided by 1489.
923
What is the remainder when 369544 is divided by 3973?
55
Calculate the remainder when 3944502 is divided by 59765.
12
What is the remainder when 16272527 is divided by 2321?
2317
What is the remainder when 1462114 is divided by 1462027?
87
Calculate the remainder when 113988588 is divided by 1980.
1968
What is the remainder when 5302794 is divided by 883740?
354
Calculate the remainder when 293939 is divided by 102.
77
Calculate the remainder when 1661296 is divided by 7318.
110
Calculate the remainder when 7229656 is divided by 3530.
216
Calculate the remainder when 1646699 is divided by 329269.
354
Calculate the remainder when 722363 is divided by 8.
3
What is the remainder when 37821 is divided by 116?
5
What is the remainder when 7511991 is divided by 118?
111
What is the remainder when 5463741 is divided by 1092733?
76
What is the remainder when 4351853 is divided by 9279?
2
What is the remainder when 585951 is divided by 292475?
1001
What is the remainder when 721688 is divided by 360828?
32
What is the remainder when 2498756421 is divided by 3417?
3414
What is the remainder when 23861975 is divided by 1704426?
11
What is the remainder when 614145 is divided by 61?
58
Calculate the remainder when 11715513 is divided by 195.
108
Calculate the remainder when 516265 is divided by 107.
97
Calculate the remainder when 17350518 is divided by 88.
86
Calculate the remainder when 525852 is divided by 58312.
1044
What is the remainder when 96311 is divided by 503?
238
What is the remainder when 9679579 is divided by 52322?
9
Calculate the remainder when 310347 is divided by 20688.
27
What is the remainder when 1162769603 is divided by 2156?
2151
What is the remainder when 5572082 is divided by 3595?
3427
Calculate the remainder when 2418139 is divided by 1635.
1609
What is the remainder when 11549540 is divided by 771?
731
Calculate the remainder when 79226 is divided by 839.
360
What is the remainder when 7253491 is divided by 24?
19
Calculate the remainder when 74146 is divided by 6740.
6
Calculate the remainder when 4297388 is divided by 145.
23
Calculate the remainder when 102230596 is divided by 66.
28
Calculate the remainder when 758175 is divided by 8468.
4523
Calculate the remainder when 3213720 is divided by 1071240.
0
What is the remainder when 84615 is divided by 54?
51
What is the remainder when 850691 is divided by 77297?
424
What is the remainder when 94285298 is divided by 10476142?
20
Calculate the remainder when 26665325 is divided by 667.
666
Calculate the remainder when 5591242 is divided by 130.
72
Calculate the remainder when 35233 is divided by 2813.
1477
What is the remainder when 237947657 is divided by 878?
877
Calculate the remainder when 12404759 is divided by 66.
59
What is the remainder when 32433726 is divided by 629?
599
What is the remainder when 54066 is divided by 26676?
714
Calculate the remainder when 11659987 is divided by 728749.
3
What is the remainder when 2316 is divided by 194?
182
What is the remainder when 23547 is divided by 5844?
171
Calculate the remainder when 428071 is divided by 213434.
1203
Calculate the remainder when 535827 is divided by 133079.
3511
What is the remainder when 94744 is divided by 31201?
1141
Calculate the remainder when 211106 is divided by 137.
126
What is the remainder when 237741 is divided by 418?
317
What is the remainder when 1720010 is divided by 793?
786
What is the remainder when 2851911 is divided by 1986?
15
Calculate the remainder when 5083816 is divided by 90.
76
Calculate the remainder when 24082726 is divided by 12.
10
Calculate the remainder when 14157199 is divided by 50.
49
Calculate the remainder when 1395808 is divided by 353.
46
What is the remainder when 37992 